*z - 4*w. Let f(j) = 9*j - 31*j + 18*j + j**z - 3 + 2*j**2. Let s be f(-2). Calculate y(s).
-3
Let n(s) = 126*s - 127*s - 2 - 3 - 1. Give n(-5).
-1
Let l be (2 - 2)*-1 + -11. Let x(h) = -h**2 - 11*h - 2. What is x(l)?
-2
Let a(t) = 4*t + 2 + 1 + 2 - 3*t - 3. Give a(6).
8
Let z(o) be the second derivative of 0 + 1/6*o**3 + 35*o - 5/2*o**2. Calculate z(8).
3
Suppose -5*q + 32 = -9*q. Let r(t) = 2 + 3*t + 6 - 1. What is r(q)?
-17
Let q(j) = 7*j + 1. Let g = 7 + -1. Let r(y) = y - 1. Let f = -169 - -168. Let k(d) = f*q(d) + g*r(d). What is k(-7)?
0
Let y = 9 - 19. Let m(h) = 2*h**3 - 8*h**2 - 15*h + 2. Let v(z) = -5*z**3 + 15*z**2 + 32*z - 2. Let s(a) = 7*m(a) + 3*v(a). Calculate s(y).
-2
Let q(r) = r**3 - 11*r**2 - r - 12. Let o = 299 + -288. Calculate q(o).
-23
Let b(m) = m**2 + 6*m + 6. Let v(t) = -2*t + 1. Let i be v(3). Let a be b(i). Let c(y) = -4 - 4 - y + 7. Calculate c(a).
-2
Let k(f) = 12*f**2 + f - 1. Suppose -3*r = w - 5, 4*r + 173 - 177 = 0. Give k(w).
49
Let y(c) = c**3 - 15*c**2 - 16*c. Let g be y(16). Let v(n) = -27 - n**3 + 23 + 5*n**2 + g*n**3. What is v(5)?
-4
Let h(f) = -f - 1. Let t = -91 - -86. Let i(p) = -p**2 - 3*p - 4. Let w(c) = t*h(c) - i(c). Give w(-7).
2
Let n(b) = -3*b**3 + 1. Let w be 1/((-70)/24 - -3). Let f = 13 - w. Let l be n(f). Let y(c) = -c - 2. Determine y(l).
0
Let l(o) = -o**3 + 139*o + 139*o + 12*o**3 - 276*o + 1. Calculate l(-1).
-12
Let c(z) = -3*z**2 - z + 5*z**2 - z**2. Suppose 0 = -3*m + 3*o, -3*m - 3*o + 7*o + 3 = 0. Determine c(m).
12
Suppose 3*q - 5*t = 34, -7*q + 2*q - 5*t = 10. Let s be 0/1 + (-5 - 0) + 5. Suppose m + s*v = v + 7, -q*v = -5*m + 25. Let f(r) = 4*r**2 - r. Give f(m).
14
Let y(k) = 0 + 0 + 72*k - 73*k. Let s(r) = 7*r + 7. Let h(x) = -s(x) - 4*y(x). Determine h(-5).
8
Let x(k) = k**2 + 18*k - 3. Let s be x(-19). Let r be 6/(-4)*-1*2. Suppose r*m - s = -m. Let b(z) = -z**3 + 3*z**2 + 4*z + 5. Determine b(m).
5
Let z(t) = 0 + t**2 - 15 + 19 + 0. What is z(6)?
40
Let q(o) = -7*o**3 + 3*o**2 + 5*o - 4. Let t(k) be the first derivative of -k**4 + 2*k**3/3 + 3*k**2/2 - 2*k - 9. Let l(p) = -3*q(p) + 5*t(p). Determine l(-2).
-2
Let g(b) = 5*b**2 - 6*b - 18. Let k(u) = -13*u**2 + 10*u + 35. Let l(h) = 5*g(h) + 2*k(h). Determine l(-4).
4
Let g(v) = -4*v**2 - 1 + v + 2*v - 4*v + 5*v**2. Calculate g(-1).
1
Suppose -2*b = -a - 7*b - 6, -a - 2*b = 0. Suppose a*w - 9*w = -10. Let t(n) = -23*n**w + 22*n**2 - 2*n - 3*n + 2*n - 2. Calculate t(-3).
-2
Let l(c) = c**2 - 19*c - 18. Let s be l(20). Let d(n) = -4*n**2 + 43*n + 2*n**2 - 38*n + n**s. Give d(6).
-6
Let m(v) = v**3 + 17*v**2 + 18*v + 28. Suppose 0 = -8*t - 788 + 660. Calculate m(t).
-4
Let h(v) be the first derivative of -3*v**2 + 7*v + 419. Give h(-5).
37
Suppose -2*f + f = 14. Let l = f + 17. Let x(i) = -l + 6 - 3*i + 1 - 3. Calculate x(-1).
4
Let j be (-13)/26 - 1/((-4)/(-6)). Let b(z) = -9*z**3 - 8*z**2 - z + 3. Let l(q) = 14*q**3 + 12*q**2 + q - 5. Let i(w) = -8*b(w) - 5*l(w). Calculate i(j).
-5
Let x(o) = -7*o + 3*o - 6*o. Suppose 3*t - 7 = -1. Let p be 3 - t*(1 - -1). Determine x(p).
10
Let z = 431 + -418. Let h(v) = 2*v - 17. What is h(z)?
9
Suppose a + 0*a + 4*m = 28, -132 = -3*a + 4*m. Let s(g) = -17*g + a*g - 22*g. Let p = 9 - 4. What is s(p)?
5
Let s(q) be the first derivative of -q**2 + 5*q - 30. Suppose -i = -3, 3*b + 2*b - 11 = 3*i. What is s(b)?
-3
Let x = -32 + 36. Let d(f) = 1 - 8*f + 17*f - x*f - 2*f. What is d(2)?
7
Suppose 40*i = 28*i - 48. Let y(m) = -m**3 - 3*m**2 + 4*m + 1. Give y(i).
1
Let w be (17 - -2)*(-5 - (-5 + 1)). Let h(i) = -4*i - 68. Give h(w).
8
Let b(z) = -7*z**3 + 8*z**2 - 6*z - 5. Let v(n) = -15*n**3 + 16*n**2 - 12*n - 12. Let t(g) = 13*b(g) - 6*v(g). Calculate t(7).
14
Let v = 12 + -10. Let x be (0 - v)*-4 + -3. Suppose 3*a - x = -4*h + 1, 4 = -3*h + 2*a. Let r(o) = -o + 5. Determine r(h).
5
Let w be -4 + 5 + (1 - 2). Let z(g) be the second derivative of 0 + 0*g**3 - 3/2*g**2 + 1/12*g**4 - 4*g. Calculate z(w).
-3
Suppose 1760*k - 1763*k + 9 = 0. Let f(h) be the first derivative of -1/3*h**3 - 2*h**2 + 5*h - k. Give f(-5).
0
Suppose 0 = m + 2*n - 32 + 53, -n - 27 = -5*m. Let d(j) be the third derivative of 1/20*j**5 + 1/3*j**3 + 0*j - 1/120*j**6 + 0 - 1/12*j**4 + j**2. What is d(m)?
-4
Let r(t) be the second derivative of -9*t + 1/2*t**2 + 0 - 2/3*t**3. Give r(-2).
9
Suppose -5*j - 42 = 3*c, -2*j + 5*j = 5*c + 2. Let o(p) = 10*p - 40 + p + 73 - 14*p - 31. Determine o(j).
20
Let x(y) be the second derivative of y**4/12 + y**3/6 - 3*y**2/2 + 5*y. Let k be -1 - (0 - (-3 - -6)). Let p be k/(1 + (-5)/3). Determine x(p).
3
Suppose -308 = -2*w - 42*w. Let y(o) = o**3 - 7*o**2 + 2*o + 3. Calculate y(w).
17
Let b(x) = -x**3 - 7*x**2 - 5*x + 2. Let t be b(-6). Let c be -1 + 10 + (t - -5). Suppose 0*d = -2*d + c. Let n(y) = -y + 1. Calculate n(d).
-4
Let t(p) = -p**3 - 5*p**2 - 3*p + 8. Suppose -58*a - 16 = -54*a. Give t(a).
4
Let z(r) = r**2 - 2*r**2 - 3 + 0. Suppose p = u + 3*p + 12, -u = -5*p - 23. Let w be 4 + -6 + (0 - u). Determine z(w).
-3
Let v(q) = q**2 + 4*q + 1. Let z = -7 + 3. Let y = z + -14. Let j = 15 + y. What is v(j)?
-2
Let i be (-1)/(1/1) + (0 - -4). Let k(y) = 0*y - 5*y + 3*y + y + y**2. What is k(i)?
6
Let i(a) = -5*a + 11 + 0*a - 3*a + 7*a. What is i(9)?
2
Let l(i) = 13*i - 22. Let r(y) = -7*y + 14. Let s(k) = -6*l(k) - 11*r(k). Determine s(-5).
-17
Let f(v) = 20*v - 2. Let w(r) = -57*r + 6. Let u(k) = 17*f(k) + 6*w(k). Calculate u(10).
-18
Let y be 2/((1 - 0)*-1). Let o(z) be the second derivative of -z**5/20 - z**4/6 - z**3/6 - z**2 + 4*z + 283. What is o(y)?
0
Let j be 8/28 - (-36)/21. Let o(r) = j*r - 4 - 1 - 11 + 3. What is o(9)?
5
Suppose 0*v - 4*v + 20 = 0. Let o(g) be the second derivative of -1/20*g**v + 0 - 1/6*g**4 - 4*g - 1/3*g**3 + 0*g**2. Calculate o(-2).
4
Let m(f) = f**2 + 7*f + 9. Let x be m(-6). Let n(l) = -l**2 + 4*l + 1. Let h be n(x). Let k(r) = 2*r. Give k(h).
8
Let t(x) = -6*x**3 - x**2 + x. Let s(v) = v - 5. Let u be s(-5). Let l be (2/4)/((-5)/u). Calculate t(l).
-6
Suppose 0*y = y - 0*y. Suppose 10 = -5*t, -4*t = -l + t + 18. Let w(b) = -2 + l - 3*b + 2*b. Determine w(y).
6
Suppose 4 = 4*x, -3*a + 3*x = -0*x + 3. Let o(h) = -3*h**2 + a*h**2 + 4*h + 3 + 2*h**2. Give o(5).
-2
Let b(k) = k + 38*k**2 + 9 - k**3 - 29*k**2 - 11*k. Calculate b(8).
-7
Let c(k) = k**3 - k**2 - k + 1. Let a be 4*((24 - 23) + (-3)/2). Give c(a).
-9
Let n(h) be the second derivative of 2*h**3/3 - 7*h**2 - 66*h + 2. Calculate n(5).
6
Let c(z) = 3*z + 1. Let y be (6/(-5))/((-81)/(-90))*-3. Suppose 5*w - 11 - 13 = -y*j, 2*w - j - 7 = 0. Determine c(w).
13
Suppose -2*n - 6 = 3*n - 2*m, 0 = -2*n - 2*m + 6. Let s(c) = -28*c**2 + 13*c - 4. Let p(r) = 13*r**2 - 6*r + 3. Let h(l) = -13*p(l) - 6*s(l). Determine h(n).
-15
Let a = -9 + 10. Let h(o) = -39*o**2 + o. Let i(d) = -34*d**2 + d. Let p(k) = 6*h(k) - 7*i(k). What is p(a)?
3
Let a(w) be the second derivative of w**4/12 + 5*w**3/3 - 10*w**2 + 798*w. What is a(-12)?
4
Let y(l) = -243*l**2 + 37*l**3 - 15*l + 242*l**2 + 5*l + 9*l. Give y(-1).
-37
Let j(d) be the first derivative of -2*d**3/3 + 3*d**2/2 + 82. Give j(2).
-2
Let v(l) = 67*l + 8*l**2 - 68*l - 1 + 10*l**2. Determine v(-1).
18
Let p(s) = -s**2 - 4*s - 5. Let f(a) = -a**3 + 8*a**2 - 6. Let u be f(8). Determine p(u).
-17
Let v(u) = 7*u**3 + 19*u**2 - 56*u + 4. Let q(n) = 11*n**3 + 28*n**2 - 84*n + 6. Let t(a) = -5*q(a) + 8*v(a). Calculate t(-14).
2
Let k(w) = -2*w - 6. Let t be (-497)/(-14) + (-6)/4. Suppose 3*j = -5*y - 17, j + 13 - t = 5*y. Determine k(y).
2
Let q(r) = -r**2 + 15*r - 3. Let u(s) = -s**2 + 14*s - 4. Let a(g) = 6*q(g) - 7*u(g). Let j be a(8). Let m = j + -10. Let l(k) = k**2 - k + 9. What is l(m)?
9
Let q(j) = -3*j**3 + 4*j**3 + 9*j + 2*j**3 - 2*j**3 + 10 - 5*j**2 - 4*j**2. Give q(7).
-25
Let c be 1 + (-1 - -2 - 2)/1. Let g(q) = -q - 8. Let b(a) = 2*a + 7. Let p(u) = 2*b(u) + 3*g(u). Determine p(c).
-10
Let n(t) = t**3 + 4*t**2 - 4*t - 5. Let c(y) = -4*y**2 + 0 + 2*y - 3*y + 3*y**2 + 1. Let i be c(-1). Let s = -5 + i. Give n(s).
11
Let r(j) = j**3 - 4*j**2 - 6*j + 4. Let y = -26 - -35. Let v be (1 + -5)/1 + y. What is r(v)?
-1
Let r be (-21)/(-5) - (1 - (-32)/(-40)). Let n(w) = -1 + 5 - 3. Let k(c) = -c - 1. Let d(y) = k(y) + 2*n(y). Calculate d(r).
-3
Let q(o) = 2*o**2 + 9*o 